7357
List the prime factors of 546311263.
546311263
List the prime factors of 661066481.
181, 251, 14551
What are the prime factors of 34592341?
7, 4941763
List the prime factors of 75475530.
2, 3, 5, 13, 21503
List the prime factors of 38259656.
2, 17, 281321
What are the prime factors of 1373866569?
3, 127, 149, 2689
What are the prime factors of 67873565?
5, 43, 315691
What are the prime factors of 263111293?
139, 1892887
List the prime factors of 91592272.
2, 71, 80627
What are the prime factors of 49641507?
3, 5515723
What are the prime factors of 6389380?
2, 5, 319469
What are the prime factors of 1472769642?
2, 3, 3881, 63247
What are the prime factors of 921052818?
2, 3, 7, 29, 443, 569
What are the prime factors of 2682586565?
5, 29, 397, 46601
List the prime factors of 4203082396.
2, 1050770599
What are the prime factors of 3900944?
2, 243809
What are the prime factors of 16538682?
2, 3, 67, 41141
List the prime factors of 1510583986.
2, 755291993
What are the prime factors of 41929249?
41929249
List the prime factors of 154611253.
191, 397, 2039
What are the prime factors of 65122902?
2, 3, 13, 53, 59, 89
What are the prime factors of 2210463057?
3, 11, 66983729
What are the prime factors of 4543334323?
11, 859, 480827
What are the prime factors of 95672430?
2, 3, 5, 7, 17, 8933
What are the prime factors of 585964422?
2, 3, 23, 471791
What are the prime factors of 152073857?
13, 17, 59, 107, 109
List the prime factors of 75766419.
3, 181, 46511
List the prime factors of 2961435864.
2, 3, 123393161
List the prime factors of 2369493280.
2, 5, 7, 11, 89, 2161
List the prime factors of 29595196.
2, 29, 103, 2477
What are the prime factors of 695645154?
2, 3, 38646953
What are the prime factors of 75159519?
3, 41, 167, 3659
List the prime factors of 2381416945.
5, 476283389
What are the prime factors of 47600917?
7, 13, 691, 757
What are the prime factors of 2537529048?
2, 3, 35243459
List the prime factors of 19563188.
2, 61, 80177
What are the prime factors of 29232665?
5, 7, 11, 10847
List the prime factors of 603749847.
3, 103, 113, 17291
List the prime factors of 1506505725.
3, 5, 19, 352399
List the prime factors of 1043907526.
2, 521953763
List the prime factors of 1752842648.
2, 219105331
List the prime factors of 2956232.
2, 17, 21737
What are the prime factors of 3808706578?
2, 1904353289
What are the prime factors of 540063382?
2, 7451, 36241
List the prime factors of 1354466677.
1354466677
List the prime factors of 23369078.
2, 53, 113, 1951
List the prime factors of 31379109.
3, 10459703
List the prime factors of 2870009510.
2, 5, 103, 2786417
What are the prime factors of 68789437?
2683, 25639
What are the prime factors of 29261601?
3, 131, 8273
What are the prime factors of 367372810?
2, 5, 7, 5248183
What are the prime factors of 1156295931?
3, 7, 61, 401, 2251
What are the prime factors of 57460449?
3, 769, 24907
What are the prime factors of 2372100?
2, 3, 5, 7907
List the prime factors of 1041877707.
3, 13, 26714813
List the prime factors of 1133936026.
2, 631, 898523
List the prime factors of 9293083.
181, 51343
List the prime factors of 1681689503.
13, 129360731
What are the prime factors of 379502756?
2, 94875689
List the prime factors of 933822327.
3, 311274109
What are the prime factors of 1761807489?
3, 13, 45174551
List the prime factors of 128662303.
7, 11, 59, 127, 223
List the prime factors of 204093465.
3, 5, 89, 152879
List the prime factors of 154340309.
61, 149, 16981
List the prime factors of 2832842498.
2, 17, 83318897
List the prime factors of 442463288.
2, 55307911
List the prime factors of 185254394.
2, 13, 7125169
List the prime factors of 1518493412.
2, 379623353
What are the prime factors of 36534518?
2, 18267259
List the prime factors of 73766694.
2, 3, 12294449
What are the prime factors of 15266157?
3, 887, 5737
List the prime factors of 82733655.
3, 5, 151, 36527
What are the prime factors of 256372057?
41, 197, 31741
What are the prime factors of 3353284?
2, 11, 17, 4483
List the prime factors of 3846889056.
2, 3, 71, 564391
What are the prime factors of 3599189226?
2, 3, 71, 73, 173, 223
List the prime factors of 154062676.
2, 449, 85781
List the prime factors of 69645401.
7, 193, 51551
List the prime factors of 157310045.
5, 2297, 13697
List the prime factors of 1730862563.
13099, 132137
What are the prime factors of 326004024?
2, 3, 23, 563, 1049
List the prime factors of 292414454.
2, 97, 1507291
What are the prime factors of 9333818285?
5, 11, 103, 349, 4721
What are the prime factors of 2740949552?
2, 11, 15573577
List the prime factors of 460471453.
13, 35420881
List the prime factors of 1301089601.
7, 1481, 17929
What are the prime factors of 1235810000?
2, 5, 123581
What are the prime factors of 17280937?
19, 257, 3539
What are the prime factors of 58394508?
2, 3, 4866209
List the prime factors of 2017316985.
3, 5, 17, 7911047
What are the prime factors of 141261554?
2, 7, 10090111
List the prime factors of 3191670855.
3, 5, 70926019
What are the prime factors of 548201117?
31, 17683907
What are the prime factors of 49641408?
2, 3, 86183
List the prime factors of 280267996.
2, 70066999
List the prime factors of 10115153.
17, 317, 1877
What are the prime factors of 962089908?
2, 3, 13, 17, 23, 15773
List the prime factors of 120908439.
3, 13434271
List the prime factors of 149257764.
2, 3, 23, 180263
What are the prime factors of 816435760?
2, 5, 7, 1457921
What are the prime factors of 159986610?
2, 3, 5, 7, 84649
List the prime factors of 201268488.
2, 3, 163, 51449
List the prime factors of 105642358.
2, 23, 31, 3221
List the prime factors of 2714334861.
3, 7, 18464863
List the prime factors of 185477817.
3, 7, 1979, 4463
List the prime factors of 1611926651.
73, 22081187
List the prime factors of 212888326.
2, 7, 463, 32843
List the prime factors of 1045666775.
5, 29, 1442299
What are the prime factors of 40117723?
163, 246121
List the prime factors of 2848130951.
19, 4889, 30661
List the prime factors of 617509967.
617509967
List the prime factors of 63452241.
3, 783361
What are the prime factors of 921930792?
2, 3, 38413783
List the prime factors of 201093446.
2, 37, 107, 109, 233
List the prime factors of 56087698.
2, 28043849
List the prime factors of 2633794257.
3, 1607, 546317
List the prime factors of 1392944604.
2, 3, 1453, 79889
What are the prime factors of 51579228?
2, 3, 71, 60539
List the prime factors of 1534863.
3, 11, 46511
List the prime factors of 23494267.
137, 171491
What are the prime factors of 387680901?
3, 389, 332203
What are the prime factors of 723295612?
2, 13, 29, 479639
List the prime factors of 769247191.
137, 683, 8221
What are the prime factors of 920814947?
13, 59, 61, 19681
What are the prime factors of 444005229?
3, 43, 3441901
List the prime factors of 448778652.
2, 3, 7, 617, 1237
List the prime factors of 1345141435.
5, 11, 73, 335029
What are the prime factors of 161808010?
2, 5, 7, 13, 177811
What are the prime factors of 87817686?
2, 3, 11, 73, 1657
List the prime factors of 254032226.
2, 7, 263, 68993
List the prime factors of 172028130.
2, 3, 5, 5734271
What are the prime factors of 987184146?
2, 3, 13, 47, 269281
What are the prime factors of 59619043?
11, 41, 163, 811
List the prime factors of 106470936.
2, 3, 11, 13, 383
List the prime factors of 1226408029.
7, 11, 19, 449, 1867
List the prime factors of 55246024.
2, 41, 168433
What are the prime factors of 116743895?
5, 53, 440543
What are the prime factors of 442913498?
2, 221456749
What are the prime factors of 46873836?
2, 3, 19, 53, 431
What are the prime factors of 1337551168?
2, 113, 184949
What are the prime factors of 104713838?
2, 29, 47, 107, 359
List the prime factors of 2987065.
5, 283, 2111
What are the prime factors of 294848015?
5, 7, 11, 41, 18679
List the prime factors of 3669564.
2, 3, 59, 71, 73
What are the prime factors of 642975?
3, 5, 8573
What are the prime factors of 563482703?
7, 11499647
List the prime factors of 1508004777.
3, 59, 97, 87833
What are the prime factors of 13524468?
2, 3, 1127039
List the prime factors of 4777757673.
3, 13, 17, 1913, 3767
List the prime factors of 38270197.
7, 313, 17467
What are the prime factors of 28553096?
2, 11, 13